{"id":15,"date":"2015-10-28T11:00:46","date_gmt":"2015-10-28T10:00:46","guid":{"rendered":"http:\/\/www.in-ruhe.de\/wordpress\/?page_id=15"},"modified":"2020-06-11T10:51:34","modified_gmt":"2020-06-11T08:51:34","slug":"fewos-in-warthe","status":"publish","type":"page","link":"https:\/\/www.in-ruhe.de\/wordpress\/index.php\/fewos-in-warthe\/","title":{"rendered":"FEWOs in Warthe"},"content":{"rendered":"<p style=\"text-align: justify;\">Der Lieper Winkel gilt als ein Kleinod, in dem das Leben noch etwas geruhsamer abl\u00e4uft. In dem Endmor\u00e4nengebiet hat Usedom seinen l\u00e4ndlichen Charme bewahrt. Wenige Kilometer von der Stadt Usedom entfernt zweigt von der B110 in Richtung Ahlbeck die Stra\u00dfe zum Lieper Winkel ab, einer Halbinsel, die im Westen vom Peenestrom und im Norden vom Achterwasser mit kleinen Sandbuchten begrenzt wird. Reusenfischerei, Landwirtschaft, einige wenige Gasth\u00f6fe und anstelle von Hotels, Ferienwohnungen f\u00fcr die G\u00e4ste, sichern eine sehr ruhige Urlaubsatmosph\u00e4re. Es ist an diesem stillen Ort leichter, zur Ruhe zu kommen, sich zu entspannen und aufzutanken. Auch wenn Sie mal wieder das Zwitschern von Spatzen, Staren und Schwalben genie\u00dfen oder Graureiher, Seeadler und St\u00f6rche beobachten wollen, sind Sie im Lieper Winkel genau richtig.<\/p>\n<p style=\"text-align: justify;\"><span style=\"text-decoration: underline;\">Unsere Ferienunterk\u00fcnfte sind alle &#8222;Haustierfrei&#8220; und daher auch gut f\u00fcr Tierhaar-Allergiker geeignet.<\/span><\/p>\n<p style=\"text-align: justify;\">Warthe, im Lieper Winkel, ist ein vertr\u00e4umtes altes Fischerdorf im Lieper Winkel, das sich seinen urspr\u00fcnglichen Charme bewahrt hat. Die Gastronomie ist bekannt f\u00fcr ihren Fisch. Ein kleiner Laden sorgt f\u00fcr die notwendigen Lebensmittel. Gro\u00dfeink\u00e4ufe k\u00f6nnen im nahen Usedom get\u00e4tigt werden. Warthe ist umgeben vom Peenestrom und Achterwasser. Verschwiegene Badebuchten und die stille, unber\u00fchrte Landschaft sind ideal f\u00fcr alle, die Ruhe suchen. Naturliebhaber finden eine \u00fcppige Pflanzen- und Vogelwelt. Urlaub aktiv erleben k\u00f6nnen Sie z.B. mit Angeln, Segeln, Surfen, Reiten, Radfahren, Golfen. Die Gegend l\u00e4dt zu ausgiebigen Rad- und Wandertouren ein, bei denen man immer wieder an kleinen, schilfums\u00e4umten Buchten vorbei kommt, die zum Baden einladen.<\/p>\n<ul>\n<li style=\"text-align: justify;\"><a href=\"http:\/\/www.in-ruhe.de\/wordpress\/index.php\/peeneblick\/\"><strong><em>Ferienwohnung &#8222;Peeneblick&#8220;<\/em><\/strong><\/a><\/li>\n<li style=\"text-align: justify;\"><strong><em><a href=\"http:\/\/www.in-ruhe.de\/wordpress\/index.php\/am-achterwasser\/\">Ferienwohnung &#8222;Am Achterwasser<\/a>&#8222;<\/em><\/strong><\/li>\n<\/ul>\n<p>&nbsp;<\/p>\n<p style=\"text-align: justify;\"><img data-recalc-dims=\"1\" loading=\"lazy\" decoding=\"async\" class=\"alignnone wp-image-18 size-medium-photo\" src=\"https:\/\/i0.wp.com\/www.in-ruhe.de\/wordpress\/wp-content\/uploads\/2015\/10\/2015-10-27-Wolff-Wohnungen-Warthe-Au%C3%9Fenaufnahmen-DSC01064_kl.jpg?resize=750%2C500\" alt=\"2015-10-27 Wolff Wohnungen Warthe Au\u00dfenaufnahmen DSC01064_kl\" width=\"750\" height=\"500\" srcset=\"https:\/\/i0.wp.com\/www.in-ruhe.de\/wordpress\/wp-content\/uploads\/2015\/10\/2015-10-27-Wolff-Wohnungen-Warthe-Au%C3%9Fenaufnahmen-DSC01064_kl.jpg?resize=750%2C500&amp;ssl=1 750w, https:\/\/i0.wp.com\/www.in-ruhe.de\/wordpress\/wp-content\/uploads\/2015\/10\/2015-10-27-Wolff-Wohnungen-Warthe-Au%C3%9Fenaufnahmen-DSC01064_kl.jpg?resize=300%2C200&amp;ssl=1 300w, https:\/\/i0.wp.com\/www.in-ruhe.de\/wordpress\/wp-content\/uploads\/2015\/10\/2015-10-27-Wolff-Wohnungen-Warthe-Au%C3%9Fenaufnahmen-DSC01064_kl.jpg?w=1011&amp;ssl=1 1011w\" sizes=\"auto, (max-width: 750px) 100vw, 750px\" \/><\/p>\n<p>&nbsp;<\/p>\n<p>&nbsp;<\/p>\n<p><span style=\"text-decoration: underline;\"><em style=\"text-align: justify;\">Freizeitm\u00f6glichkeiten in der n\u00e4heren Umgebung<\/em><\/span><br \/>\nWandern, Wassersport, Kanu, Schwimmbad, Thermalbad, Surfen, Golf, Reiten, Kartbahn<\/p>\n<p><span style=\"text-decoration: underline;\"><em>Entfernungen<\/em><\/span><br \/>\n~ Die n\u00e4chste Autobahn ist ca. 50 km entfernt.<br \/>\n~ Der n\u00e4chste Bahnhof ist ca. 25 km entfernt.<br \/>\n~ Der n\u00e4chste Flughafen (Heringsdorf) ist ca. 25 km entfernt<\/p>\n","protected":false},"excerpt":{"rendered":"<p>Der Lieper Winkel gilt als ein Kleinod, in dem das Leben noch etwas geruhsamer abl\u00e4uft. In dem Endmor\u00e4nengebiet hat Usedom seinen l\u00e4ndlichen Charme bewahrt. Wenige Kilometer von der Stadt Usedom entfernt zweigt von der B110 in Richtung Ahlbeck die Stra\u00dfe zum Lieper Winkel ab, einer Halbinsel, die im Westen vom Peenestrom und im Norden vom&hellip; <\/p>\n<p class=\"toivo-read-more\"><a href=\"https:\/\/www.in-ruhe.de\/wordpress\/index.php\/fewos-in-warthe\/\" class=\"more-link\">Read more <span class=\"screen-reader-text\">FEWOs in Warthe<\/span><\/a><\/p>\n","protected":false},"author":2,"featured_media":0,"parent":0,"menu_order":0,"comment_status":"closed","ping_status":"closed","template":"","meta":{"jetpack_post_was_ever_published":false,"footnotes":""},"class_list":{"0":"post-15","1":"page","2":"type-page","3":"status-publish","5":"entry"},"jetpack_sharing_enabled":false,"jetpack_shortlink":"https:\/\/wp.me\/P6zWw0-f","_links":{"self":[{"href":"https:\/\/www.in-ruhe.de\/wordpress\/index.php\/wp-json\/wp\/v2\/pages\/15","targetHints":{"allow":["GET"]}}],"collection":[{"href":"https:\/\/www.in-ruhe.de\/wordpress\/index.php\/wp-json\/wp\/v2\/pages"}],"about":[{"href":"https:\/\/www.in-ruhe.de\/wordpress\/index.php\/wp-json\/wp\/v2\/types\/page"}],"author":[{"embeddable":true,"href":"https:\/\/www.in-ruhe.de\/wordpress\/index.php\/wp-json\/wp\/v2\/users\/2"}],"replies":[{"embeddable":true,"href":"https:\/\/www.in-ruhe.de\/wordpress\/index.php\/wp-json\/wp\/v2\/comments?post=15"}],"version-history":[{"count":5,"href":"https:\/\/www.in-ruhe.de\/wordpress\/index.php\/wp-json\/wp\/v2\/pages\/15\/revisions"}],"predecessor-version":[{"id":315,"href":"https:\/\/www.in-ruhe.de\/wordpress\/index.php\/wp-json\/wp\/v2\/pages\/15\/revisions\/315"}],"wp:attachment":[{"href":"https:\/\/www.in-ruhe.de\/wordpress\/index.php\/wp-json\/wp\/v2\/media?parent=15"}],"curies":[{"name":"wp","href":"https:\/\/api.w.org\/{rel}","templated":true}]}}