{"id":39,"date":"2015-10-28T11:00:41","date_gmt":"2015-10-28T10:00:41","guid":{"rendered":"http:\/\/www.in-ruhe.de\/wordpress\/?page_id=39"},"modified":"2015-11-06T11:45:58","modified_gmt":"2015-11-06T10:45:58","slug":"bannertausch","status":"publish","type":"page","link":"https:\/\/www.in-ruhe.de\/wordpress\/index.php\/bannertausch\/","title":{"rendered":"Bannertausch"},"content":{"rendered":"<p style=\"text-align: justify;\">Wenn Sie Ihren Banner mit uns tauschen m\u00f6chten, schreiben Sie uns bitte eine <a href=\"mailto:fewo-wolff@in-ruhe.de\">E-Mail<\/a>. <a><br \/>\n<\/a><\/p>\n<p style=\"text-align: justify;\" align=\"center\">F\u00fcgen Sie bitte anschlie\u00dfend folgenden HTML-Code<\/p>\n<p style=\"text-align: justify;\">&lt;a href=&#8220;http:\/\/www.in-ruhe.de&#8220; target=&#8220;_blank&#8220;&gt;<br \/>\n&lt;img src=&#8220;http:\/\/www.in-ruhe.de\/headerklein.jpg&#8220; alt=&#8220;Ferienunterk\u00fcnfte in Ruhe &#8220;<br \/>\nborder=&#8220;0&#8243;&gt;&lt;\/a&gt;<\/p>\n<p style=\"text-align: justify;\">an die gew\u00fcnschte Stelle Ihres Quelltextes ein.<\/p>\n<p><img data-recalc-dims=\"1\" loading=\"lazy\" decoding=\"async\" src=\"https:\/\/i0.wp.com\/www.in-ruhe.de\/images\/Banner_kl.jpg?resize=480%2C60\" alt=\"Ferienunterk\u00fcnfte in Ruhe (kleiner Banner)\" width=\"480\" height=\"60\" border=\"0\" \/><\/p>\n<p>________________________________________________________________________<\/p>\n<p>Hier k\u00f6nnte auch Ihr Banner stehen&#8230;<\/p>\n<p><a>~ <\/a><a href=\"http:\/\/www.ferienhausmiete.de\/22251.htm\">Ferien in Warthe<\/a> (direkt vom Eigent\u00fcmer)<\/p>\n<p><a>~<\/a><\/p>\n","protected":false},"excerpt":{"rendered":"<p>Wenn Sie Ihren Banner mit uns tauschen m\u00f6chten, schreiben Sie uns bitte eine E-Mail. F\u00fcgen Sie bitte anschlie\u00dfend folgenden HTML-Code &lt;a href=&#8220;http:\/\/www.in-ruhe.de&#8220; target=&#8220;_blank&#8220;&gt; &lt;img src=&#8220;http:\/\/www.in-ruhe.de\/headerklein.jpg&#8220; alt=&#8220;Ferienunterk\u00fcnfte in Ruhe &#8220; border=&#8220;0&#8243;&gt;&lt;\/a&gt; an die gew\u00fcnschte Stelle Ihres Quelltextes ein. ________________________________________________________________________ Hier k\u00f6nnte auch Ihr Banner stehen&#8230; ~ Ferien in Warthe (direkt vom Eigent\u00fcmer) ~<\/p>\n","protected":false},"author":2,"featured_media":0,"parent":0,"menu_order":0,"comment_status":"closed","ping_status":"closed","template":"","meta":{"jetpack_post_was_ever_published":false,"footnotes":""},"class_list":{"0":"post-39","1":"page","2":"type-page","3":"status-publish","5":"entry"},"jetpack_sharing_enabled":false,"jetpack_shortlink":"https:\/\/wp.me\/P6zWw0-D","_links":{"self":[{"href":"https:\/\/www.in-ruhe.de\/wordpress\/index.php\/wp-json\/wp\/v2\/pages\/39","targetHints":{"allow":["GET"]}}],"collection":[{"href":"https:\/\/www.in-ruhe.de\/wordpress\/index.php\/wp-json\/wp\/v2\/pages"}],"about":[{"href":"https:\/\/www.in-ruhe.de\/wordpress\/index.php\/wp-json\/wp\/v2\/types\/page"}],"author":[{"embeddable":true,"href":"https:\/\/www.in-ruhe.de\/wordpress\/index.php\/wp-json\/wp\/v2\/users\/2"}],"replies":[{"embeddable":true,"href":"https:\/\/www.in-ruhe.de\/wordpress\/index.php\/wp-json\/wp\/v2\/comments?post=39"}],"version-history":[{"count":5,"href":"https:\/\/www.in-ruhe.de\/wordpress\/index.php\/wp-json\/wp\/v2\/pages\/39\/revisions"}],"predecessor-version":[{"id":237,"href":"https:\/\/www.in-ruhe.de\/wordpress\/index.php\/wp-json\/wp\/v2\/pages\/39\/revisions\/237"}],"wp:attachment":[{"href":"https:\/\/www.in-ruhe.de\/wordpress\/index.php\/wp-json\/wp\/v2\/media?parent=39"}],"curies":[{"name":"wp","href":"https:\/\/api.w.org\/{rel}","templated":true}]}}